{"id":91,"date":"2025-10-02T10:00:54","date_gmt":"2025-10-02T08:00:54","guid":{"rendered":"http:\/\/soundmusicconcepts.com\/site\/?page_id=91"},"modified":"2026-01-05T17:40:34","modified_gmt":"2026-01-05T16:40:34","slug":"accueil","status":"publish","type":"page","link":"http:\/\/soundmusicconcepts.com\/site\/","title":{"rendered":"ACCUEIL"},"content":{"rendered":"<div id=\"pl-91\"  class=\"panel-layout\" ><div id=\"pg-91-0\"  class=\"panel-grid panel-no-style\" ><div id=\"pgc-91-0-0\"  class=\"panel-grid-cell panel-grid-cell-empty\" ><\/div><\/div><div id=\"pg-91-1\"  class=\"panel-grid panel-no-style\" ><div id=\"pgc-91-1-0\"  class=\"panel-grid-cell\" ><div id=\"panel-91-1-0-0\" class=\"so-panel widget widget_circleicon-widget panel-first-child panel-last-child\" data-index=\"0\" >\t\t<div class=\"circle-icon-box circle-icon-position-top circle-icon-hide-box circle-icon-size-large \">\n\t\t\t\t\t\t\t<div class=\"circle-icon-wrapper\">\n\t\t\t\t\t\t\t\t\t\t<div class=\"circle-icon icon-style-set\" style=\"background-image: url(http:\/\/soundmusicconcepts.com\/site\/wp-content\/uploads\/2025\/10\/EvenPrive2.png)\">\n\t\t\t\t\t\t\t\t\t\t\t<\/div>\n\t\t\t\t\t\t\t\t\t<\/div>\n\t\t\t\n\t\t\t\t\t\t\t\t\t\t<h4 >\n\t\t\t\t\tEv\u00e8nements priv\u00e9s\t\t\t\t<\/h4>\n\t\t\t\t\t\t\n\t\t\t\t\t\t\t<p class=\"text\" >\n\t\t\t\tAnimation et musique adapt\u00e9e pour vos soir\u00e9es ou \u00e9v\u00e8nements priv\u00e9es\t\t\t<\/p>\n\t\t\t\t\t\t\t\t\t\t<a\n\t\t\t\t\thref=\"http:\/\/soundmusicconcepts.com\/site\/prestations\/\"\n\t\t\t\t\tclass=\"more-button\"\n\t\t\t\t\t\t\t\t\t>\n\t\t\t\t\tPrestations ...\t\t\t\t\t<i><\/i>\n\t\t\t\t<\/a>\n\t\t\t\t\t<\/div>\n\t\t<\/div><\/div><div id=\"pgc-91-1-1\"  class=\"panel-grid-cell\" ><div id=\"panel-91-1-1-0\" class=\"so-panel widget widget_circleicon-widget panel-first-child panel-last-child\" data-index=\"1\" >\t\t<div class=\"circle-icon-box circle-icon-position-top circle-icon-hide-box circle-icon-size-large \">\n\t\t\t\t\t\t\t<div class=\"circle-icon-wrapper\">\n\t\t\t\t\t\t\t\t\t\t<div class=\"circle-icon icon-style-set\" style=\"background-image: url(http:\/\/soundmusicconcepts.com\/site\/wp-content\/uploads\/2025\/10\/Mariage2.png)\">\n\t\t\t\t\t\t\t\t\t\t\t<\/div>\n\t\t\t\t\t\t\t\t\t<\/div>\n\t\t\t\n\t\t\t\t\t\t\t\t\t\t<h4 >\n\t\t\t\t\tMariage\t\t\t\t<\/h4>\n\t\t\t\t\t\t\n\t\t\t\t\t\t\t<p class=\"text\" >\n\t\t\t\tAnimation musicale pour le plus beau jour de votre vie - Un DJ Pro vous accompagne\t\t\t<\/p>\n\t\t\t\t\t\t\t\t\t\t<a\n\t\t\t\t\thref=\"http:\/\/soundmusicconcepts.com\/site\/prestations\/\"\n\t\t\t\t\tclass=\"more-button\"\n\t\t\t\t\t\t\t\t\t>\n\t\t\t\t\tPrestations ...\t\t\t\t\t<i><\/i>\n\t\t\t\t<\/a>\n\t\t\t\t\t<\/div>\n\t\t<\/div><\/div><div id=\"pgc-91-1-2\"  class=\"panel-grid-cell\" ><div id=\"panel-91-1-2-0\" class=\"so-panel widget widget_circleicon-widget panel-first-child panel-last-child\" data-index=\"2\" >\t\t<div class=\"circle-icon-box circle-icon-position-top circle-icon-hide-box circle-icon-size-large \">\n\t\t\t\t\t\t\t<div class=\"circle-icon-wrapper\">\n\t\t\t\t\t\t\t\t\t\t<div class=\"circle-icon icon-style-set\" style=\"background-image: url(http:\/\/soundmusicconcepts.com\/site\/wp-content\/uploads\/2025\/10\/CercleEventPro.png)\">\n\t\t\t\t\t\t\t\t\t\t\t<\/div>\n\t\t\t\t\t\t\t\t\t<\/div>\n\t\t\t\n\t\t\t\t\t\t\t\t\t\t<h4 >\n\t\t\t\t\tEv\u00e9nements professionnels\t\t\t\t<\/h4>\n\t\t\t\t\t\t\n\t\t\t\t\t\t\t<p class=\"text\" >\n\t\t\t\tSon et lumi\u00e8re - sonorisation et \u00e9clairage de votre \u00e9v\u00e9nement professionnel - Ev\u00e9nementiel entreprise - S\u00e9minaires\t\t\t<\/p>\n\t\t\t\t\t\t\t\t\t\t<a\n\t\t\t\t\thref=\"http:\/\/soundmusicconcepts.com\/site\/prestations\/\"\n\t\t\t\t\tclass=\"more-button\"\n\t\t\t\t\t\t\t\t\t>\n\t\t\t\t\tPrestations ...\t\t\t\t\t<i><\/i>\n\t\t\t\t<\/a>\n\t\t\t\t\t<\/div>\n\t\t<\/div><\/div><\/div><div id=\"pg-91-2\"  class=\"panel-grid panel-has-style\" ><div class=\"wide-grey panel-row-style panel-row-style-for-91-2\" ><div id=\"pgc-91-2-0\"  class=\"panel-grid-cell\" ><div id=\"panel-91-2-0-0\" class=\"so-panel widget widget_headline-widget panel-first-child panel-last-child\" data-index=\"3\" >\t\t<h1>A propos du DJ, votre animateur<\/h1>\n\t\t<div class=\"decoration\"><div class=\"decoration-inside\"><\/div><\/div>\n\t\t<h3>Passionn\u00e9 de musique , je partage ma passion d'animateur et mon expertise depuis de nombreuses ann\u00e9es. Habitu\u00e9 \u00e0 animer comme DJ des \u00e9v\u00e9nements pour tous types de publics, je vous propose mes services pour vos mariages, anniversaires, f\u00eates de famille, d\u00e9parts en retraite, r\u00e9unions professionnelles, f\u00eates de village et bien d\u2019autres occasions. Mon objectif : cr\u00e9er une ambiance unique et offrir des moments de bonheur \u00e0 travers la musique. Je m\u2019adapte \u00e0 vos besoins et vous propose d\u2019\u00e9changer librement sur vos envies et vos besoins. Cet \u00e9change me permettra de mettre \u00e0 votre disposition mon expertise et mon professionnalisme \u00e0 votre service. Devis d\u00e9taill\u00e9, gratuit et sans engagement sur simple demande incluant les prestations et \u00e9quipements n\u00e9cessaires \u00e0 la r\u00e9ussite de votre \u00e9v\u00e9nement.<\/h3>\n\t\t<\/div><\/div><\/div><\/div><div id=\"pg-91-3\"  class=\"panel-grid panel-no-style\" ><div id=\"pgc-91-3-0\"  class=\"panel-grid-cell panel-grid-cell-mobile-last\" ><div id=\"panel-91-3-0-0\" class=\"so-panel widget widget_text panel-first-child panel-last-child\" data-index=\"4\" ><h3 class=\"widget-title\">Devis sur simple demande<\/h3>\t\t\t<div class=\"textwidget\"><p><a href=\"http:\/\/soundmusicconcepts.com\/site\/contact\/\">Devis gratuit et sans engagement<\/a><\/p>\n<\/div>\n\t\t<\/div><\/div><div id=\"pgc-91-3-1\"  class=\"panel-grid-cell panel-grid-cell-empty\" ><\/div><\/div><\/div>","protected":false},"excerpt":{"rendered":"<p>Ev\u00e8nements priv\u00e9s Animation et musique adapt\u00e9e pour vos soir\u00e9es ou \u00e9v\u00e8nements priv\u00e9es Prestations &#8230; Mariage Animation musicale pour le plus beau jour de votre vie &#8211; Un DJ Pro vous accompagne Prestations &#8230; Ev\u00e9nements professionnels Son et lumi\u00e8re &#8211; sonorisation et \u00e9clairage de votre \u00e9v\u00e9nement professionnel &#8211; Ev\u00e9nementiel entreprise &#8211; S\u00e9minaires Prestations &#8230; A propos [&hellip;]<\/p>\n","protected":false},"author":1,"featured_media":0,"parent":0,"menu_order":0,"comment_status":"closed","ping_status":"closed","template":"home-panels.php","meta":{"footnotes":""},"class_list":["post-91","page","type-page","status-publish","hentry","post"],"_links":{"self":[{"href":"http:\/\/soundmusicconcepts.com\/site\/wp-json\/wp\/v2\/pages\/91","targetHints":{"allow":["GET"]}}],"collection":[{"href":"http:\/\/soundmusicconcepts.com\/site\/wp-json\/wp\/v2\/pages"}],"about":[{"href":"http:\/\/soundmusicconcepts.com\/site\/wp-json\/wp\/v2\/types\/page"}],"author":[{"embeddable":true,"href":"http:\/\/soundmusicconcepts.com\/site\/wp-json\/wp\/v2\/users\/1"}],"replies":[{"embeddable":true,"href":"http:\/\/soundmusicconcepts.com\/site\/wp-json\/wp\/v2\/comments?post=91"}],"version-history":[{"count":18,"href":"http:\/\/soundmusicconcepts.com\/site\/wp-json\/wp\/v2\/pages\/91\/revisions"}],"predecessor-version":[{"id":291,"href":"http:\/\/soundmusicconcepts.com\/site\/wp-json\/wp\/v2\/pages\/91\/revisions\/291"}],"wp:attachment":[{"href":"http:\/\/soundmusicconcepts.com\/site\/wp-json\/wp\/v2\/media?parent=91"}],"curies":[{"name":"wp","href":"https:\/\/api.w.org\/{rel}","templated":true}]}}